when 6624725 is divided by 698.
7
Calculate the remainder when 35655005 is divided by 543.
539
Calculate the remainder when 335292 is divided by 323.
18
Calculate the remainder when 218882 is divided by 1196.
14
What is the remainder when 95367684 is divided by 54?
12
Calculate the remainder when 1383595 is divided by 212.
83
What is the remainder when 15861 is divided by 108?
93
Calculate the remainder when 286400 is divided by 40913.
9
Calculate the remainder when 1159170636 is divided by 944.
940
What is the remainder when 15122855 is divided by 2146?
2139
Calculate the remainder when 982446 is divided by 81868.
30
Calculate the remainder when 957290 is divided by 11540.
11010
Calculate the remainder when 1729 is divided by 728.
273
Calculate the remainder when 36148 is divided by 17424.
1300
What is the remainder when 35325 is divided by 11306?
1407
What is the remainder when 76005 is divided by 186?
117
Calculate the remainder when 23647 is divided by 4138.
2957
Calculate the remainder when 14160713 is divided by 2022958.
7
Calculate the remainder when 2677657 is divided by 68.
21
Calculate the remainder when 257566852 is divided by 354.
346
What is the remainder when 232760 is divided by 77583?
11
What is the remainder when 1018251 is divided by 5852?
3
What is the remainder when 41469999 is divided by 715?
714
Calculate the remainder when 220358 is divided by 154.
138
What is the remainder when 308028 is divided by 102647?
87
What is the remainder when 1126798 is divided by 71?
28
Calculate the remainder when 2777042 is divided by 925678.
8
Calculate the remainder when 570344 is divided by 611.
281
Calculate the remainder when 2718429 is divided by 17097.
6
What is the remainder when 85221 is divided by 42590?
41
What is the remainder when 63495 is divided by 118?
11
Calculate the remainder when 128921 is divided by 64418.
85
Calculate the remainder when 98885126 is divided by 35802.
2
What is the remainder when 436530 is divided by 3899?
3741
Calculate the remainder when 1673393 is divided by 1389.
1037
Calculate the remainder when 78631 is divided by 3113.
806
What is the remainder when 279596 is divided by 48?
44
Calculate the remainder when 14634588 is divided by 381.
378
What is the remainder when 1459191 is divided by 10127?
903
Calculate the remainder when 479279 is divided by 63.
38
Calculate the remainder when 4409690 is divided by 119180.
30
Calculate the remainder when 5249572 is divided by 212.
28
Calculate the remainder when 50823518 is divided by 245.
228
Calculate the remainder when 6540 is divided by 2946.
648
What is the remainder when 1012173590 is divided by 3751?
3750
What is the remainder when 111114 is divided by 162?
144
What is the remainder when 51171 is divided by 6664?
4523
Calculate the remainder when 4673259 is divided by 5908.
31
What is the remainder when 14829461 is divided by 11?
9
What is the remainder when 3562220 is divided by 80957?
112
Calculate the remainder when 47941 is divided by 47545.
396
What is the remainder when 17400 is divided by 16294?
1106
Calculate the remainder when 210271120 is divided by 1675.
1670
What is the remainder when 35124 is divided by 17521?
82
What is the remainder when 16157300 is divided by 5385744?
68
Calculate the remainder when 123130168 is divided by 126417.
10
What is the remainder when 318764169 is divided by 17?
8
Calculate the remainder when 732891 is divided by 154.
5
Calculate the remainder when 1429306 is divided by 971.
965
What is the remainder when 20556865 is divided by 1477?
1456
Calculate the remainder when 35705192 is divided by 14.
12
Calculate the remainder when 12675615 is divided by 5996.
71
Calculate the remainder when 63568 is divided by 877.
424
What is the remainder when 582002847 is divided by 1893?
1890
Calculate the remainder when 8000919 is divided by 2156.
3
What is the remainder when 1435567 is divided by 83?
82
Calculate the remainder when 744470 is divided by 8656.
54
Calculate the remainder when 344696 is divided by 766.
762
Calculate the remainder when 368076 is divided by 1691.
1129
Calculate the remainder when 1737118 is divided by 15105.
43
Calculate the remainder when 12047997 is divided by 2409599.
2
What is the remainder when 78758943 is divided by 966?
963
Calculate the remainder when 976663 is divided by 130.
103
What is the remainder when 5192755 is divided by 766?
41
What is the remainder when 8035 is divided by 1832?
707
What is the remainder when 68611461 is divided by 17152865?
1
Calculate the remainder when 113198 is divided by 1462.
624
Calculate the remainder when 2269930 is divided by 1868.
310
What is the remainder when 17842 is divided by 4906?
3124
Calculate the remainder when 4820156 is divided by 222.
92
What is the remainder when 11507328 is divided by 168?
0
What is the remainder when 59126 is divided by 4460?
1146
What is the remainder when 575856 is divided by 575492?
364
Calculate the remainder when 14175609 is divided by 364.
357
What is the remainder when 16909 is divided by 143?
35
What is the remainder when 238516048 is divided by 2?
0
What is the remainder when 2553781 is divided by 4449?
55
Calculate the remainder when 278566 is divided by 287.
176
Calculate the remainder when 1250642080 is divided by 6.
4
What is the remainder when 31912 is divided by 3022?
1692
What is the remainder when 45820 is divided by 4818?
2458
Calculate the remainder when 10792272 is divided by 3597417.
21
What is the remainder when 25099 is divided by 11868?
1363
Calculate the remainder when 1568455 is divided by 140.
35
Calculate the remainder when 312087 is divided by 837.
723
Calculate the remainder when 946073 is divided by 204.
125
What is the remainder when 242636182 is divided by 846?
844
What is the remainder when 8441156 is divided by 134?
94
Calculate the remainder when 107980 is divided by 8.
4
What is the remainder when 39791214 is divided by 13263730?
24
Calculate the remainder when 401945 is divided by 16.
9
What is the remainder when 414778 is divided by 138246?
40
Calculate the remainder when 1563709 is divided by 16.
13
Calculate the remainder when 6326179 is divided by 802.
3
What is the remainder when 2741 is divided by 134?
61
What is the remainder when 161360 is divided by 243?
8
Calculate the remainder when 423658 is divided by 601.
554
Calculate the remainder when 359649 is divided by 258.
255
What is the remainder when 1965437 is divided by 6?
5
Calculate the remainder when 10012051 is divided by 5647.
5567
Calculate the remainder when 313241 is divided by 311415.
1826
What is the remainder when 2652002 is divided by 2997?
2654
What is the remainder when 887928 is divided by 6581?
6074
What is the remainder when 558359 is divided by 2892?
203
What is the remainder when 155231 is divided by 155197?
34
What is the remainder when 214872 is divided by 299?
190
Calculate the remainder when 7180375 is divided by 359013.
115
Calculate the remainder when 212305 is divided by 13248.
337
Calculate the remainder when 632030 is divided by 11439.
2885
Calculate the remainder when 8352358 is divided by 54.
16
Calculate the remainder when 82326 is divided by 4303.
569
What is the remainder when 47138625 is divided by 85551?
24
Calculate the remainder when 4119952 is divided by 507.
70
Calculate the remainder when 955645 is divided by 72.
61
Calculate the remainder when 8969610 is divided by 3054.
12
Calculate the remainder when 11130849 is divided by 683.
681
What is the remainder when 212681313 is divided by 152?
25
What is the remainder when 501615 is divided by 13556?
43
What is the remainder when 243229605 is divided by 918?
915
What is the remainder when 532451 is divided by 177451?
98
Calculate the remainder when 40572306 is divided by 25.
6
Calculate the remainder when 38658 is divided by 7763.
7606
What is the remainder when 72099927 is divided by 179?
159
Calculate the remainder when 58883 is divided by 5269.
924
Calculate the remainder when 3763235 is divided by 940806.
11
What is the remainder when 150785 is divided by 242?
19
What is the remainder when 85797276 is divided by 2199930?
6
What is the remainder when 13063055 is divided by 2910?
65
What is the remainder when 425698 is divided by 27?
16
C